{"id":27,"date":"2016-11-01T17:46:44","date_gmt":"2016-11-01T16:46:44","guid":{"rendered":"https:\/\/cdco42.fr\/site\/?page_id=27"},"modified":"2025-11-21T10:30:49","modified_gmt":"2025-11-21T09:30:49","slug":"lost","status":"publish","type":"page","link":"https:\/\/cdco42.fr\/site\/?page_id=27","title":{"rendered":"LOST"},"content":{"rendered":"<p><span style=\"margin: 0px; color: #333333; font-family: 'Georgia',serif;\">Les Troph\u00e9es des Samedis de l&rsquo;Orientation Lig\u00e9rienne sont des comp\u00e9titions d\u00e9partementales au nombre de 5 par an.<\/span><\/p>\n<p><span style=\"margin: 0px; color: #333333; font-family: 'Georgia',serif;\">Les informations sur la comp\u00e9tition sont pr\u00e9cis\u00e9es sur le site internet quelques jours avant la comp\u00e9tition : pensez \u00e0 bien regardez le site, des changements de lieux peuvent avoir lieux en fonction de la m\u00e9t\u00e9o.<\/span><\/p>\n<p><span style=\"margin: 0px; color: #333333; font-family: 'Georgia',serif;\">Plusieurs circuits sont propos\u00e9s afin que tout le monde puisse courir et se faire plaisir en fonction de son niveau de pratique.<\/span><\/p>\n<p>Les LOST pr\u00e9vues pour cette ann\u00e9e :<\/p>\n<p><span lang=\"fr\">22 novembre 2025 : Col des Limites<\/span><\/p>\n<p><span lang=\"fr\">6 d\u00e9cembre 2025 : Marlhes &#8211; L&rsquo;Adret<br \/>\n<\/span><\/p>\n<p><span lang=\"fr\">17 janvier 2026 : For\u00eat de Lespinasse (Circuits VTT Orientation)<\/span><\/p>\n<p><span lang=\"fr\">28 f\u00e9vrier 2026 : Saint Just Malmont<br \/>\n<\/span><\/p>\n<p><span lang=\"fr\">14 mars 2026 : Collet de Doizieu<br \/>\n<\/span><\/p>\n<p><a href=\"https:\/\/cdco42.fr\/site\/wp-content\/uploads\/2025\/10\/FLYER-LOST-2025_2026.pdf\">T\u00e9l\u00e9charger le flyer<\/a><\/p>\n<p>&nbsp;<\/p>\n","protected":false},"excerpt":{"rendered":"<p>Les Troph\u00e9es des Samedis de l&rsquo;Orientation Lig\u00e9rienne sont des comp\u00e9titions d\u00e9partementales au nombre de 5 par an. Les informations sur la comp\u00e9tition sont pr\u00e9cis\u00e9es sur le site internet quelques jours avant la comp\u00e9tition : pensez \u00e0 bien regardez le site, des changements de lieux peuvent avoir lieux en fonction de la m\u00e9t\u00e9o. Plusieurs circuits sont [&hellip;]<\/p>\n","protected":false},"author":9,"featured_media":0,"parent":0,"menu_order":30,"comment_status":"closed","ping_status":"closed","template":"","meta":{"footnotes":""},"class_list":["post-27","page","type-page","status-publish","hentry"],"_links":{"self":[{"href":"https:\/\/cdco42.fr\/site\/index.php?rest_route=\/wp\/v2\/pages\/27","targetHints":{"allow":["GET"]}}],"collection":[{"href":"https:\/\/cdco42.fr\/site\/index.php?rest_route=\/wp\/v2\/pages"}],"about":[{"href":"https:\/\/cdco42.fr\/site\/index.php?rest_route=\/wp\/v2\/types\/page"}],"author":[{"embeddable":true,"href":"https:\/\/cdco42.fr\/site\/index.php?rest_route=\/wp\/v2\/users\/9"}],"replies":[{"embeddable":true,"href":"https:\/\/cdco42.fr\/site\/index.php?rest_route=%2Fwp%2Fv2%2Fcomments&post=27"}],"version-history":[{"count":13,"href":"https:\/\/cdco42.fr\/site\/index.php?rest_route=\/wp\/v2\/pages\/27\/revisions"}],"predecessor-version":[{"id":980,"href":"https:\/\/cdco42.fr\/site\/index.php?rest_route=\/wp\/v2\/pages\/27\/revisions\/980"}],"wp:attachment":[{"href":"https:\/\/cdco42.fr\/site\/index.php?rest_route=%2Fwp%2Fv2%2Fmedia&parent=27"}],"curies":[{"name":"wp","href":"https:\/\/api.w.org\/{rel}","templated":true}]}}